is the remainder when 65 is divided by 17?
14
Calculate the remainder when 953 is divided by 87.
83
What is the remainder when 83 is divided by 22?
17
What is the remainder when 458 is divided by 21?
17
What is the remainder when 916 is divided by 4?
0
Calculate the remainder when 644 is divided by 83.
63
Calculate the remainder when 194 is divided by 63.
5
What is the remainder when 1584 is divided by 320?
304
What is the remainder when 4523 is divided by 87?
86
What is the remainder when 536 is divided by 16?
8
Calculate the remainder when 163 is divided by 21.
16
Calculate the remainder when 1077 is divided by 27.
24
Calculate the remainder when 2108 is divided by 1049.
10
What is the remainder when 7220 is divided by 87?
86
Calculate the remainder when 150 is divided by 44.
18
What is the remainder when 206 is divided by 63?
17
Calculate the remainder when 439 is divided by 147.
145
Calculate the remainder when 65 is divided by 17.
14
What is the remainder when 114 is divided by 110?
4
Calculate the remainder when 134 is divided by 17.
15
Calculate the remainder when 757 is divided by 294.
169
Calculate the remainder when 1968 is divided by 73.
70
What is the remainder when 2597 is divided by 25?
22
Calculate the remainder when 2023 is divided by 22.
21
Calculate the remainder when 591 is divided by 187.
30
What is the remainder when 293 is divided by 98?
97
Calculate the remainder when 428 is divided by 31.
25
Calculate the remainder when 52 is divided by 9.
7
Calculate the remainder when 457 is divided by 16.
9
What is the remainder when 226 is divided by 80?
66
Calculate the remainder when 194 is divided by 40.
34
What is the remainder when 17710 is divided by 48?
46
Calculate the remainder when 1155 is divided by 7.
0
What is the remainder when 133 is divided by 36?
25
Calculate the remainder when 104 is divided by 27.
23
What is the remainder when 6673 is divided by 47?
46
What is the remainder when 276 is divided by 14?
10
Calculate the remainder when 101 is divided by 4.
1
Calculate the remainder when 396 is divided by 19.
16
Calculate the remainder when 86 is divided by 12.
2
What is the remainder when 1640 is divided by 31?
28
Calculate the remainder when 121 is divided by 64.
57
What is the remainder when 321 is divided by 41?
34
What is the remainder when 52 is divided by 34?
18
What is the remainder when 490 is divided by 12?
10
What is the remainder when 159 is divided by 21?
12
What is the remainder when 87 is divided by 21?
3
Calculate the remainder when 1467 is divided by 70.
67
Calculate the remainder when 2636 is divided by 14.
4
Calculate the remainder when 548 is divided by 270.
8
Calculate the remainder when 1101 is divided by 24.
21
What is the remainder when 365 is divided by 63?
50
What is the remainder when 6922 is divided by 99?
91
What is the remainder when 67 is divided by 21?
4
What is the remainder when 3406 is divided by 126?
4
What is the remainder when 43301 is divided by 14?
13
What is the remainder when 355 is divided by 53?
37
Calculate the remainder when 24 is divided by 7.
3
What is the remainder when 511 is divided by 27?
25
What is the remainder when 1915 is divided by 205?
70
What is the remainder when 19 is divided by 12?
7
Calculate the remainder when 4121 is divided by 4111.
10
Calculate the remainder when 285 is divided by 96.
93
Calculate the remainder when 266 is divided by 266.
0
Calculate the remainder when 49 is divided by 4.
1
Calculate the remainder when 230 is divided by 40.
30
Calculate the remainder when 732 is divided by 360.
12
What is the remainder when 716 is divided by 17?
2
What is the remainder when 512 is divided by 86?
82
Calculate the remainder when 181 is divided by 131.
50
What is the remainder when 1662 is divided by 348?
270
Calculate the remainder when 2928 is divided by 975.
3
What is the remainder when 298 is divided by 10?
8
What is the remainder when 74 is divided by 15?
14
Calculate the remainder when 177 is divided by 100.
77
Calculate the remainder when 459 is divided by 33.
30
What is the remainder when 802 is divided by 115?
112
What is the remainder when 114 is divided by 52?
10
Calculate the remainder when 180 is divided by 26.
24
Calculate the remainder when 16744 is divided by 85.
84
What is the remainder when 763 is divided by 163?
111
What is the remainder when 1160 is divided by 403?
354
Calculate the remainder when 133 is divided by 9.
7
What is the remainder when 598 is divided by 6?
4
What is the remainder when 7409 is divided by 1850?
9
What is the remainder when 447 is divided by 115?
102
Calculate the remainder when 773 is divided by 38.
13
Calculate the remainder when 169 is divided by 85.
84
Calculate the remainder when 32222 is divided by 23.
22
Calculate the remainder when 482 is divided by 50.
32
Calculate the remainder when 458 is divided by 2.
0
Calculate the remainder when 648 is divided by 636.
12
What is the remainder when 27 is divided by 15?
12
What is the remainder when 298 is divided by 75?
73
Calculate the remainder when 102 is divided by 6.
0
Calculate the remainder when 43781 is divided by 52.
49
Calculate the remainder when 277 is divided by 56.
53
Calculate the remainder when 6953 is divided by 71.
66
Calculate the remainder when 2087 is divided by 58.
57
Calculate the remainder when 738 is divided by 57.
54
Calculate the remainder when 16624 is divided by 25.
24
What is the remainder when 346 is divided by 29?
27
Calculate the remainder when 942 is divided by 135.
132
What is the remainder when 360 is divided by 103?
51
What is the remainder when 451 is divided by 445?
6
What is the remainder when 188 is divided by 155?
33
Calculate the remainder when 350 is divided by 165.
20
What is the remainder when 162 is divided by 85?
77
What is the remainder when 669 is divided by 30?
9
Calculate the remainder when 3163 is divided by 15.
13
Calculate the remainder when 124 is divided by 9.
7
What is the remainder when 1514 is divided by 101?
100
Calculate the remainder when 65 is divided by 15.
5
What is the remainder when 581 is divided by 112?
21
Calculate the remainder when 321 is divided by 27.
24
What is the remainder when 75 is divided by 38?
37
What is the remainder when 3263 is divided by 71?
68
What is the remainder when 1000 is divided by 143?
142
Calculate the remainder when 1542 is divided by 30.
12
What is the remainder when 642 is divided by 92?
90
What is the remainder when 223 is divided by 28?
27
What is the remainder when 90 is divided by 3?
0
Calculate the remainder when 37 is divided by 5.
2
What is the remainder when 166 is divided by 39?
10
Calculate the remainder when 1473 is divided by 22.
21
What is the remainder when 62 is divided by 36?
26
Calculate the remainder when 1283 is divided by 553.
177
What is the remainder when 670 is divided by 6?
4
What is the remainder when 167 is divided by 19?
15
What is the remainder when 86 is divided by 60?
26
Calculate the remainder when 201 is divided by 27.
12
What is the remainder when 111 is divided by 39?
33
Calculate the remainder when 97 is divided by 6.
1
What is the remainder when 447 is divided by 32?
31
Calculate the remainder when 71 is divided by 28.
15
Calculate the remainder when 3 is divided by 2.
1
Calculate the remainder when 810 is divided by 215.
165
Calculate the remainder when 149 is divided by 4.
1
What is the remainder when 807 is divided by 363?
81
What is the remainder when 1973 is divided by 76?
73
What is the remainder when 522 is divided by 144?
90
What is the remainder when 97 is divided by 52?
45
Calculate the remainder when 450 is divided by 114.
108
Calculate the remainder when 162 is divided by 2.
0
What is the remainder when 3349 is divided by 167?
9
Calculate the remainder when 3253 is divided by 31.
29
What is the remainder when 948 is divided by 79?
0
Calculate the remainder when 124 is divided by 56.
12
Calculate the remainder when 1403 is divided by 18.
17
Calculate the remainder when 2235 is divided by 112.
107
Calculate the remainder when 369 is divided by 55.
39
What is the remainder when 1999 is divided by 87?
85
What is the remainder when 247 is divided by 118?
11
What is the remainder when 198 is divided by 51?
45
Calculate t